{"id":7,"date":"2016-05-31T17:49:54","date_gmt":"2016-05-31T15:49:54","guid":{"rendered":"http:\/\/valkovce.sk\/?page_id=7"},"modified":"2016-06-06T18:39:09","modified_gmt":"2016-06-06T16:39:09","slug":"historia-obce","status":"publish","type":"page","link":"https:\/\/valkovce.sk\/?page_id=7","title":{"rendered":"Hist\u00f3ria obce"},"content":{"rendered":"<div id=\"pl-7\"  class=\"panel-layout\" ><div id=\"pg-7-0\"  class=\"panel-grid panel-has-style\" ><div class=\"siteorigin-panels-stretch panel-row-style panel-row-style-for-7-0\" data-stretch-type=\"full\" ><div id=\"pgc-7-0-0\"  class=\"panel-grid-cell\" ><div id=\"panel-7-0-0-0\" class=\"so-panel widget widget_text panel-first-child panel-last-child\" data-index=\"0\" ><div class=\"panel-widget-style panel-widget-style-for-7-0-0-0\" >\t\t\t<div class=\"textwidget\"><p>Obec zalo\u017eil na z\u00e1kupnom pr\u00e1ve dedi\u010dn\u00fd richt\u00e1r Valko na \u00fazem\u00ed panstva Radoma po roku 1325.<\/p>\n<p>Najstar\u0161ia p\u00edsomn\u00e1 spr\u00e1va o tejto dedine poch\u00e1dza z roku 1382. Z jej obsahu je zrejm\u00e9, \u017ee tunaj\u0161ie s\u00eddlisko jestvovalo u\u017e pred rokom 1382. V tejto prvej p\u00edsomnej spr\u00e1ve sa uv\u00e1dza, \u017ee \u0161\u013eachtici z Drienova sa v uvedenom roku pokonali s ich pr\u00edbuznou oh\u013eadne vlastn\u00edctva jej \u010dasti z dedi\u010dn\u00fdch majetkov, ku ktor\u00fdm patrila aj dedina Valkovce.<\/p>\n<p>V p\u00edsomnostiach od 14. do polovice 16. storo\u010dia sa vyskytuje pravidelne pod ma\u010farsk\u00fdm Walkwaqasa v zmysle Valkov\u00e1 Poruba. N\u00e1zov utvorili a pou\u017eili zemep\u00e1ni. Poddan\u00ed utvorili \u013eudov\u00ed n\u00e1zov Valkovce, od ktor\u00e9ho vznikol v druhej polovici 16. storo\u010dia ma\u010farizovan\u00fd tvar Valkocz. Meno V\u00e1lek, Valko sved\u010d\u00ed o tom, \u017ee bol slovensk\u00e9ho p\u00f4vodu. Z obsahu uvedenej spr\u00e1vy vypl\u00fdva, \u017ee Valkovce vznikli pravdepodobne v polovici 14. storo\u010dia. V 14.-16. storo\u010d\u00ed patrili postupne, resp. s\u00fa\u010dasne \u0161\u013eachticom z Drienova, Brezovice, Se\u010doviec, Solivaru, Sem\u0161e, Budkoviec, ale aj in\u00fdm.<\/p>\n<p>Valkovsk\u00e9 sedliacke dom\u00e1cnosti boli v roku 1427 zdanen\u00e9 da\u0148ou kr\u00e1\u013eovi od 15 port, tak\u017ee Valkovce v tomto \u010dase boli stredne ve\u013ekou dedinou. V druhej polovici 15. a za\u010diatkom 16. storo\u010dia sa v\u00e4\u010d\u0161ina sedliakov ods\u0165ahovala, in\u00ed schudobneli a upadli medzi \u017eeliarov. V rokoch 1543, 1567 a 1588 sedliakov zdanili od jednej, resp. dvoch port, pri\u010dom<\/p>\n<p>v roku 1567 hospod\u00e1rili \u0161tyri dom\u00e1cnosti na \u0161tvrtinov\u00fdch usadlostiach. V t\u00fdch rokoch tu boli 3, 9 a 5 \u017eeliarskych dom\u00e1cnost\u00ed. Pravdepodobne v 80. rokoch 16. storo\u010dia zemep\u00e1ni pridelili \u017eeliarom pozemky a zaiste sa tu usadili aj nov\u00e9 rodiny. V roku 1600 malo s\u00eddlisko 14 ob\u00fdvan\u00fdch poddansk\u00fdch domov a dom \u0161olt\u00fdsa. Roku 1787 mala obec 29 domov a 200 obyvate\u013eov, 1828 40 domov a 311 obyvate\u013eov. Zaoberali sa po\u013enohospod\u00e1rstvom. Roky 1850 \u2013 1890 boli rokmi vys\u0165ahovalectva.<\/p>\n<p>Do 19. storo\u010dia zemep\u00e1nmi boli S\u00f3mosyovci, Sz\u00e9chyiovci, Szirmayovci a T\u00e1hyovci. V 19. storo\u010d\u00ed obec patrila Dessewffyovcom. Na z\u00e1robky \u013eudia odch\u00e1dzali k ma\u010farsk\u00fdm ve\u013ekostatk\u00e1rom najm\u00e4 v \u010dase \u017eatvy. V dedine bola pansk\u00e1 p\u00e1lenica. Tkanie na krosn\u00e1ch a pradenie bolo hlavn\u00fdm sp\u00f4sobom zabezpe\u010denia oble\u010denia. Obuv tzv. ba\u010dkory si obyvate\u013estvo vyr\u00e1balo z te\u013eacej ko\u017ee. Z\u00e1robkov\u00e9 pomery boli ve\u013emi slab\u00e9. Pri v\u00fdstavbe cesty, tzv. cis\u00e1rska dr\u00e1ha, tiahn\u00facej sa od Sobo\u0161a na Okr\u00fahle a vy\u0161\u0161ie, robotn\u00edk pracoval cel\u00fd de\u0148 za jedno mydlo a jeden liter kukurice.<\/p>\n<p>V \u010dase 1. svetovej vojny obec nebola po\u0161koden\u00e1, lebo nepriate\u013esk\u00e9 vojsk\u00e1 bojuj\u00face medzi sebou sa tu nedostali. V obci bol pochovan\u00fd jeden nezn\u00e1my vojak. Pod\u013ea v\u00fdsledkov s\u010d\u00edtania obyvate\u013estva v roku 1921 v obci \u017eilo 177 \u013eud\u00ed. Z toho po\u010dtu tu bolo 16 \u010deskoslovenskej n\u00e1rodnosti a 161 Rus\u00ednov. Pod\u013ea vierovyznania tu \u017eilo 11 r\u00edmskokatol\u00edckej viery a 166 gr\u00e9ckokatol\u00edkov.<\/p>\n<p>V s\u00falade s Pl\u00e1nom ekonomick\u00e9ho, soci\u00e1lneho a kult\u00farneho rozvoja Slovenska, obyvatelia Stropkovsk\u00e9ho a Giraltovsk\u00e9ho okresu zaslali 16.decembra 1937 Vl\u00e1de \u010ceskoslovenskej republiky pet\u00edciu, v ktorej sa pre Valkovce \u017eiadalo prevedenie meliora\u010dn\u00fdch pr\u00e1c pre zlep\u0161enie \u017eivota ro\u013en\u00edkov a zriadenie \u0161k\u00f4l v dedin\u00e1ch, ktor\u00e9 to potrebovali. V \u010dase 2. svetovej vojny od druhej polovice 1939 roku a prvej polovice roku 1940 medzi obce Giraltovsk\u00e9ho okresu, kde pracovali ileg\u00e1lne bunky KS\u010c patrila aj obec Valkovce. Obec bola osloboden\u00e1 19. janu\u00e1ra 1945 jednotkami Sovietskej arm\u00e1dy.<\/p>\n<p>Obrat \u017eivota v dedine nastal po 2. svetovej vojne. \u013dudia si za\u010dali stava\u0165 nov\u00e9 domy. Vznikli nov\u00e9 mo\u017enosti zamestnania v okresnom meste Giraltovce a \u010eal\u0161\u00edch mest\u00e1ch. V roku 1948 sa za\u010dala v\u00fdstavba \u0161t\u00e1tnej cesty, ktor\u00e1 vedie od hlavnej \u0161t\u00e1tnej cesty a\u017e do obce \u0160tefurov. V obci bol zriaden\u00fd mal\u00fd obchod so zmie\u0161an\u00fdm tovarom v s\u00fakromnom dome Fedora \u010cerve\u0148\u00e1ka. V roku 1954 tu za\u010d\u00edna prem\u00e1va\u0165 autobusov\u00e1 doprava. Hospod\u00e1ri sa s\u00fakromne, hoci ro\u013en\u00edci v roku 1957 u\u017e \u010das\u0165 p\u00f4dy odovzdali pre \u0160t\u00e1tne majetky v \u0160tefurove.<\/p>\n<\/div>\n\t\t<\/div><\/div><\/div><\/div><\/div><div id=\"pg-7-1\"  class=\"panel-grid panel-no-style\" ><div id=\"pgc-7-1-0\"  class=\"panel-grid-cell\" ><div id=\"panel-7-1-0-0\" class=\"so-panel widget widget_sow-slider panel-first-child panel-last-child\" data-index=\"1\" ><div\n\t\t\t\n\t\t\tclass=\"so-widget-sow-slider so-widget-sow-slider-default-6d39609536fd-7\"\n\t\t\t\n\t\t>\t\t\t\t<div class=\"sow-slider-base\" style=\"display: none\" tabindex=\"0\">\n\t\t\t\t\t<ul\n\t\t\t\t\tclass=\"sow-slider-images\"\n\t\t\t\t\tdata-settings=\"{&quot;pagination&quot;:true,&quot;speed&quot;:800,&quot;timeout&quot;:8000,&quot;paused&quot;:false,&quot;pause_on_hover&quot;:false,&quot;swipe&quot;:true,&quot;nav_always_show_desktop&quot;:&quot;&quot;,&quot;nav_always_show_mobile&quot;:&quot;&quot;,&quot;breakpoint&quot;:&quot;780px&quot;,&quot;unmute&quot;:false,&quot;anchor&quot;:null}\"\n\t\t\t\t\t\t\t\t\t\tdata-anchor-id=\"\"\n\t\t\t\t>\t\t<li class=\"sow-slider-image\" style=\"visibility: visible;\" >\n\t\t\t\t\t\t<div class=\"sow-slider-image-container\">\n\t\t\t\t<div class=\"sow-slider-image-wrapper\" style=\"\">\n\t\t\t\t\t\t\t\t\t\t<div class=\"sow-slider-image-foreground-wrapper\">\n\t\t\t\t\t\t<img decoding=\"async\" src=\"https:\/\/valkovce.sk\/wp-content\/uploads\/2016\/05\/hist1v.jpg\" class=\"sow-slider-foreground-image\" alt=\"\" style=\"\" \/>\t\t\t\t\t<\/div>\n\t\t\t\t\t\t\t\t\t<\/div>\n\t\t\t<\/div>\n\t\t\t\t\t<\/li>\n\t\t\t\t<li class=\"sow-slider-image\" style=\"visibility: hidden;\" >\n\t\t\t\t\t\t<div class=\"sow-slider-image-container\">\n\t\t\t\t<div class=\"sow-slider-image-wrapper\" style=\"\">\n\t\t\t\t\t\t\t\t\t\t<div class=\"sow-slider-image-foreground-wrapper\">\n\t\t\t\t\t\t<img decoding=\"async\" src=\"https:\/\/valkovce.sk\/wp-content\/uploads\/2016\/05\/kdv.jpg\" class=\"sow-slider-foreground-image\" alt=\"\" style=\"\" \/>\t\t\t\t\t<\/div>\n\t\t\t\t\t\t\t\t\t<\/div>\n\t\t\t<\/div>\n\t\t\t\t\t<\/li>\n\t\t\t\t<li class=\"sow-slider-image\" style=\"visibility: hidden;\" >\n\t\t\t\t\t\t<div class=\"sow-slider-image-container\">\n\t\t\t\t<div class=\"sow-slider-image-wrapper\" style=\"\">\n\t\t\t\t\t\t\t\t\t\t<div class=\"sow-slider-image-foreground-wrapper\">\n\t\t\t\t\t\t<img decoding=\"async\" src=\"https:\/\/valkovce.sk\/wp-content\/uploads\/2016\/05\/skolstvo1v.jpg\" class=\"sow-slider-foreground-image\" alt=\"\" style=\"\" \/>\t\t\t\t\t<\/div>\n\t\t\t\t\t\t\t\t\t<\/div>\n\t\t\t<\/div>\n\t\t\t\t\t<\/li>\n\t\t<\/ul>\t\t\t\t<ol class=\"sow-slider-pagination\">\n\t\t\t\t\t\t\t\t\t\t\t<li><a href=\"#\" data-goto=\"0\" aria-label=\"Display slide 1\"><\/a><\/li>\n\t\t\t\t\t\t\t\t\t\t\t<li><a href=\"#\" data-goto=\"1\" aria-label=\"Display slide 2\"><\/a><\/li>\n\t\t\t\t\t\t\t\t\t\t\t<li><a href=\"#\" data-goto=\"2\" aria-label=\"Display slide 3\"><\/a><\/li>\n\t\t\t\t\t\t\t\t\t<\/ol>\n\n\t\t\t\t<div class=\"sow-slide-nav sow-slide-nav-next\">\n\t\t\t\t\t<a href=\"#\" data-goto=\"next\" aria-label=\"Next slide\" data-action=\"next\">\n\t\t\t\t\t\t<em class=\"sow-sld-icon-thin-right\"><\/em>\n\t\t\t\t\t<\/a>\n\t\t\t\t<\/div>\n\n\t\t\t\t<div class=\"sow-slide-nav sow-slide-nav-prev\">\n\t\t\t\t\t<a href=\"#\" data-goto=\"previous\" aria-label=\"Previous slide\" data-action=\"prev\">\n\t\t\t\t\t\t<em class=\"sow-sld-icon-thin-left\"><\/em>\n\t\t\t\t\t<\/a>\n\t\t\t\t<\/div>\n\t\t\t\t<\/div><\/div><\/div><\/div><\/div><div id=\"pg-7-2\"  class=\"panel-grid panel-has-style\" ><div class=\"siteorigin-panels-stretch panel-row-style panel-row-style-for-7-2\" data-stretch-type=\"full\" ><div id=\"pgc-7-2-0\"  class=\"panel-grid-cell\" ><div id=\"panel-7-2-0-0\" class=\"so-panel widget widget_text panel-first-child panel-last-child\" data-index=\"2\" ><div class=\"panel-widget-style panel-widget-style-for-7-2-0-0\" >\t\t\t<div class=\"textwidget\"><p>Ved\u00facou politickou silou je Komunistick\u00e1 strana \u010ceskoslovenska a cel\u00fd verejn\u00fd \u017eivot vedie miestny n\u00e1rodn\u00fd v\u00fdbor. V roku 1957 v celej obci boli len tri r\u00e1dia, boli baterkov\u00e9, elektrick\u00fd pr\u00fad e\u0161te v obci nebol zaveden\u00fd. Kult\u00farny dom nebol, tane\u010dn\u00e9 z\u00e1bavy sa usporad\u00favali vonku. A\u017e v roku 1958 bola obec napojen\u00e1 na elektrick\u00fd pr\u00fad. V roku 1959 cel\u00e1 obec odovzd\u00e1va p\u00f4du pre \u0160M, ktor\u00fdch spr\u00e1va je aj na\u010falej v \u0160tefurove. Odovzd\u00e1vanie p\u00f4dy sa uskuto\u010dnilo v mesiaci okt\u00f3bri. Jesenn\u00e9 pr\u00e1ce u\u017e za\u010d\u00ednali \u0160t\u00e1tne majetky, ktor\u00e9 zamestn\u00e1vali aj \u010das\u0165 ob\u010danov z Valkoviec.<\/p>\n<p>Od roku 1960 patr\u00ed obec Valkovce do bardejovsk\u00e9ho okresu. V roku 1963, st\u00fapaj\u00faca \u017eivotn\u00e1 \u00farove\u0148 obyvate\u013estva sa prejavuje nielen v peknom obliekan\u00ed, ale aj v novom bytovom zariaden\u00ed, boli u\u017e v obci tri telev\u00edzory, pr\u00e1\u010dky a prv\u00e9 v hist\u00f3rii obce osobn\u00e9 auto.<\/p>\n<p>V\u00e4\u010d\u0161ina obyvate\u013eov pracovala na tunaj\u0161\u00edch \u0161t\u00e1tnych majetkoch, alebo v lesnej spr\u00e1ve. Zna\u010dn\u00e1 \u010das\u0165 chlapov pom\u00e1hala budova\u0165 V\u00fdchodoslovensk\u00e9 \u017eeleziarne. Tradi\u010dn\u00e9 Preteky mieru v \u010ceskoslovenskej socialistickej republike v roku 1963 viedli po \u0161t\u00e1tnej ceste 2 km od dediny. 3. septembra 1964 sa uskuto\u010dnili oslavy 20. v\u00fdro\u010dia Slovensk\u00e9ho n\u00e1rodn\u00e9ho povstania. Dedinu nav\u0161t\u00edvil sovietsky partiz\u00e1n Ivan Pavlovi\u010d Smironov.<\/p>\n<p>V roku 1967 \u0160t\u00e1tne majetky so s\u00eddlom v \u0160tefurove zriadili v chot\u00e1ri obce sal\u00e1\u0161. V roku 1969 bol zaveden\u00fd rozhlas, v budove \u0161koly bola zriaden\u00e1 telef\u00f3nna \u00fastred\u0148a. V roku 1970 bolo zaveden\u00e9 ne\u00f3nov\u00e9 verejn\u00e9 osvetlenie. 14. decembra 1971 bolo Mikul\u00e1\u0161ovi Gna\u013eovi, pri pr\u00edle\u017eitosti jeho 80-tych naroden\u00edm, udelen\u00e9 \u0161t\u00e1tne vyznamenanie za v\u00fdstavbu Prezidentom \u010cSSR. V tomto roku bola uroben\u00e1 asfaltov\u00e1 cesta. 1. febru\u00e1ra 1972 \u0160t\u00e1tne majetky \u0160tefurov sa zl\u00fa\u010dili s JRD v Okr\u00fahlom. Spolo\u010dn\u00e9 JRD malo n\u00e1zov JRD Pokrok.<\/p>\n<\/div>\n\t\t<\/div><\/div><\/div><\/div><\/div><div id=\"pg-7-3\"  class=\"panel-grid panel-no-style\" ><div id=\"pgc-7-3-0\"  class=\"panel-grid-cell\" ><div id=\"panel-7-3-0-0\" class=\"so-panel widget widget_sow-slider panel-first-child panel-last-child\" data-index=\"3\" ><div\n\t\t\t\n\t\t\tclass=\"so-widget-sow-slider so-widget-sow-slider-default-6d39609536fd-7\"\n\t\t\t\n\t\t>\t\t\t\t<div class=\"sow-slider-base\" style=\"display: none\" tabindex=\"0\">\n\t\t\t\t\t<ul\n\t\t\t\t\tclass=\"sow-slider-images\"\n\t\t\t\t\tdata-settings=\"{&quot;pagination&quot;:true,&quot;speed&quot;:800,&quot;timeout&quot;:8000,&quot;paused&quot;:false,&quot;pause_on_hover&quot;:false,&quot;swipe&quot;:true,&quot;nav_always_show_desktop&quot;:&quot;&quot;,&quot;nav_always_show_mobile&quot;:&quot;&quot;,&quot;breakpoint&quot;:&quot;780px&quot;,&quot;unmute&quot;:false,&quot;anchor&quot;:null}\"\n\t\t\t\t\t\t\t\t\t\tdata-anchor-id=\"\"\n\t\t\t\t>\t\t<li class=\"sow-slider-image\" style=\"visibility: visible;\" >\n\t\t\t\t\t\t\t\t<\/li>\n\t\t\t\t<li class=\"sow-slider-image\" style=\"visibility: hidden;\" >\n\t\t\t\t\t\t\t\t<\/li>\n\t\t<\/ul>\t\t\t\t<ol class=\"sow-slider-pagination\">\n\t\t\t\t\t\t\t\t\t\t\t<li><a href=\"#\" data-goto=\"0\" aria-label=\"Display slide 1\"><\/a><\/li>\n\t\t\t\t\t\t\t\t\t\t\t<li><a href=\"#\" data-goto=\"1\" aria-label=\"Display slide 2\"><\/a><\/li>\n\t\t\t\t\t\t\t\t\t<\/ol>\n\n\t\t\t\t<div class=\"sow-slide-nav sow-slide-nav-next\">\n\t\t\t\t\t<a href=\"#\" data-goto=\"next\" aria-label=\"Next slide\" data-action=\"next\">\n\t\t\t\t\t\t<em class=\"sow-sld-icon-thin-right\"><\/em>\n\t\t\t\t\t<\/a>\n\t\t\t\t<\/div>\n\n\t\t\t\t<div class=\"sow-slide-nav sow-slide-nav-prev\">\n\t\t\t\t\t<a href=\"#\" data-goto=\"previous\" aria-label=\"Previous slide\" data-action=\"prev\">\n\t\t\t\t\t\t<em class=\"sow-sld-icon-thin-left\"><\/em>\n\t\t\t\t\t<\/a>\n\t\t\t\t<\/div>\n\t\t\t\t<\/div><\/div><\/div><\/div><\/div><div id=\"pg-7-4\"  class=\"panel-grid panel-has-style\" ><div class=\"siteorigin-panels-stretch panel-row-style panel-row-style-for-7-4\" data-stretch-type=\"full\" ><div id=\"pgc-7-4-0\"  class=\"panel-grid-cell\" ><div id=\"panel-7-4-0-0\" class=\"so-panel widget widget_text panel-first-child panel-last-child\" data-index=\"4\" ><div class=\"panel-widget-style panel-widget-style-for-7-4-0-0\" ><h3 class=\"widget-title\">\u0160kolstvo<\/h3>\t\t\t<div class=\"textwidget\"><p>Deti z obce do roku 1938 chodili do \u0161koly, ktor\u00e1 bola v susednej farskej obci \u0160tefurov. V roku 1938 sa v obci v dome Fedora \u010cerve\u0148\u00e1ka zriadila \u0161kola, ktor\u00fa nav\u0161tevovali ni\u017e\u0161ie ro\u010dn\u00edky. Vy\u0161\u0161ie ro\u010dn\u00edky na\u010falej chodili do \u0161koly v \u0160tefurove. V roku 1946 \u0161kola bola rozdelen\u00e1 na dva vyu\u010dovacie jazyky \u2013 rusk\u00fd a slovensk\u00fd. V roku 1950 bola op\u00e4\u0165 spojen\u00e1 so slovensk\u00fdm vyu\u010dovac\u00edm jazykom. <\/p>\n<p>V roku 1957 sa za\u010dala v\u00fdstavba vlastnej \u0161kolskej budovy. V \u0161kolskom roku 1958\/59 bola nov\u00e1 \u0161kolsk\u00e1 budova \u010diasto\u010dne ukon\u010den\u00e1 a od 1. septembra 1958 sa v nej za\u010dalo s vyu\u010dovan\u00edm. Od 1. septembra 1959 sa jednotriedna \u0161kola men\u00ed na dvojtriednu. Vyu\u010duje sa na dve smemy, preto\u017ee je tu len jedna miestnos\u0165. <\/p>\n<p>Po\u010dty \u017eiakov neboli ve\u013emi rozdielne. V \u0161kolskom roku 1965\/66 bolo doposia\u013e najviac \u017eiakov v hist\u00f3rii \u0161koly, v I.-V. ro\u010dn\u00edku 50. \u0160kola pripravovala r\u00f4zne akcie ako napr\u00edklad kult\u00farny program k 55. v\u00fdro\u010diu VOSR, besedu o 25 v\u00fdro\u010d\u00ed febru\u00e1rov\u00fdch udalost\u00ed, kult\u00farny program k MD\u017d, s\u00fa\u0165a\u017e Sami sebe v zber flia\u0161 a papiera, v\u00fdlet po trase Bojnice \u2013 Oravsk\u00e1 priehrada. <\/p>\n<p>Pre mal\u00fd po\u010det \u017eiakov od \u0161kolsk\u00e9ho roku 1983\/84 sa \u0161kola men\u00ed na jednotriednu. V obdob\u00ed \u0161kolsk\u00fdch rokov 1992\/93 \u2013 1994\/95 sponzor Ing. Arch. \u010cerve\u0148\u00e1k na \u0161kolu zak\u00fapil farebn\u00fd telev\u00edzor, video a po\u010d\u00edta\u010d. Deti boli na v\u00fdlete v Safari parku v Rak\u00fasku. Vyu\u010dovalo sa v 1.-3. ro\u010dn\u00edku, 4. ro\u010dn\u00edk nebol. <\/p>\n<p>V roku 1991 bola v priestoroch budovy z\u00e1kladnej \u0161koly zriaden\u00e1 aj Matersk\u00e1 \u0161kola. V roku 1993 sa urobila celkov\u00e1 \u00faprava okolia \u0161koly a pre matersk\u00fa \u0161kolu tu bolo vybudovan\u00e9 detsk\u00e9 ihrisko. <\/p>\n<p>\u017diaci z\u00e1kladnej a materskej \u0161koly ka\u017edoro\u010dne pripravuj\u00fa kult\u00farny program Posedenie pri jedli\u010dke. Najlep\u0161\u00ed \u017eiaci sa z\u00fa\u010dast\u0148ovali okresn\u00fdch s\u00fa\u0165a\u017e\u00ed v prednese po\u00e9zie a pr\u00f3zy, pytagori\u00e1dach a matematick\u00fdch olympi\u00e1dach. Na konci ka\u017ed\u00e9ho \u0161kolsk\u00e9ho roka chodia na v\u00fdlet. <\/p>\n<p>Od roku 1996 po s\u00fa\u010dasnos\u0165 boli na Kr\u00e1snej H\u00f4rke, v Betliari, v Domici a Belianskej jaskyni, vo Vysok\u00fdch Tatr\u00e1ch, v \u010cervenom Kl\u00e1\u0161tore, na Dunajci, v Bardejovsk\u00fdch K\u00fape\u013eoch, v Starej \u013dubovni, v Michalovciach, na Vinianskom jazere, v Humennom, v Snine a na Sninsk\u00fdch rybn\u00edkoch. <\/p>\n<p>Matersk\u00fa \u0161kolu v \u0161kolskom roku 2001\/2002 nav\u0161tevovalo 12 det\u00ed. <\/p>\n<\/div>\n\t\t<\/div><\/div><\/div><\/div><\/div><\/div>","protected":false},"excerpt":{"rendered":"<p>Obec zalo\u017eil na z\u00e1kupnom pr\u00e1ve dedi\u010dn\u00fd richt\u00e1r Valko na \u00fazem\u00ed panstva Radoma po roku 1325. Najstar\u0161ia p\u00edsomn\u00e1 spr\u00e1va o tejto dedine poch\u00e1dza z roku 1382. Z jej obsahu je zrejm\u00e9, \u017ee tunaj\u0161ie s\u00eddlisko jestvovalo u\u017e pred rokom 1382. V tejto prvej p\u00edsomnej spr\u00e1ve sa uv\u00e1dza, \u017ee \u0161\u013eachtici z Drienova sa v uvedenom roku pokonali s<\/p>\n<p><a href=\"https:\/\/valkovce.sk\/?page_id=7\" class=\"more-link themebutton\">Read More<\/a><\/p>\n","protected":false},"author":1,"featured_media":0,"parent":0,"menu_order":0,"comment_status":"closed","ping_status":"closed","template":"","meta":{"ngg_post_thumbnail":0,"footnotes":""},"class_list":["post-7","page","type-page","status-publish","hentry"],"_links":{"self":[{"href":"https:\/\/valkovce.sk\/index.php?rest_route=\/wp\/v2\/pages\/7","targetHints":{"allow":["GET"]}}],"collection":[{"href":"https:\/\/valkovce.sk\/index.php?rest_route=\/wp\/v2\/pages"}],"about":[{"href":"https:\/\/valkovce.sk\/index.php?rest_route=\/wp\/v2\/types\/page"}],"author":[{"embeddable":true,"href":"https:\/\/valkovce.sk\/index.php?rest_route=\/wp\/v2\/users\/1"}],"replies":[{"embeddable":true,"href":"https:\/\/valkovce.sk\/index.php?rest_route=%2Fwp%2Fv2%2Fcomments&post=7"}],"version-history":[{"count":9,"href":"https:\/\/valkovce.sk\/index.php?rest_route=\/wp\/v2\/pages\/7\/revisions"}],"predecessor-version":[{"id":166,"href":"https:\/\/valkovce.sk\/index.php?rest_route=\/wp\/v2\/pages\/7\/revisions\/166"}],"wp:attachment":[{"href":"https:\/\/valkovce.sk\/index.php?rest_route=%2Fwp%2Fv2%2Fmedia&parent=7"}],"curies":[{"name":"wp","href":"https:\/\/api.w.org\/{rel}","templated":true}]}}