{"id":34,"date":"2016-06-01T18:32:40","date_gmt":"2016-06-01T16:32:40","guid":{"rendered":"http:\/\/valkovce.sk\/?page_id=34"},"modified":"2016-06-01T20:32:13","modified_gmt":"2016-06-01T18:32:13","slug":"sucasnost","status":"publish","type":"page","link":"https:\/\/valkovce.sk\/?page_id=34","title":{"rendered":"S\u00fa\u010dasnos\u0165"},"content":{"rendered":"<div id=\"pl-34\"  class=\"panel-layout\" ><div id=\"pg-34-0\"  class=\"panel-grid panel-no-style\" ><div id=\"pgc-34-0-0\"  class=\"panel-grid-cell\" ><div id=\"panel-34-0-0-0\" class=\"so-panel widget widget_sow-editor panel-first-child panel-last-child\" data-index=\"0\" ><div\n\t\t\t\n\t\t\tclass=\"so-widget-sow-editor so-widget-sow-editor-base\"\n\t\t\t\n\t\t>\n<div class=\"siteorigin-widget-tinymce textwidget\">\n\t<p style=\"text-align: justify;\"><span style=\"color: #000000;\"><strong>Valkovce le\u017eia v\u00a0ju\u017enej \u010dasti<\/strong>\u00a0N\u00edzkych\u00a0Besk\u00fdd v doline Valkovsk\u00e9ho potoka, v nadmorskej v\u00fd\u0161ke okolo 220 m.\u00a0<\/span><\/p>\n<p><span style=\"color: #000000;\"><strong>Pod\u013ea v\u00fdsledkov posledn\u00e9ho s\u010d\u00edtania<\/strong>\u00a0obyvate\u013estva v roku 2001 v obci \u017eilo 238 obyvate\u013eov. Z toho po\u010dtu bolo 120 mu\u017eov a 118 \u017eien. Ekonomicky akt\u00edvnych bolo 121 ob\u010danov a 23 obyvate\u013eov bolo nezamestnan\u00fdch. Valkovce mali 62 ob\u00fdvan\u00fdch domov. Pod\u013ea n\u00e1bo\u017eensk\u00e9ho vierovyznania bolo 193 gr\u00e9ckokatol\u00edkov, 2 pravosl\u00e1vny, 38 r\u00edmskokatol\u00edkov a 4 nezisten\u00ed.<\/span><\/p>\n<p style=\"text-align: justify;\"><span style=\"color: #000000;\"><strong>Pod\u013ea n\u00e1rodnosti tu \u017eilo<\/strong>\u00a0222 Slov\u00e1kov, 11 Rus\u00ednov, 2 \u010cesi, 1 Ukrajinec a 1 bol nezisten\u00fd. Ekonomicky akt\u00edvni ob\u010dania pracuj\u00fa takmer po celej Slovenskej republike a poniektor\u00ed pracuj\u00fa aj v \u010ceskej republike.\u00a0<\/span><\/p>\n<p><span style=\"color: #000000;\"><strong>V s\u00fa\u010dasnosti je v obci<\/strong>\u00a0nieko\u013eko podnikate\u013eov. Helena Vasi\u010dkov\u00e1 m\u00e1 obchod s potravinami a pohostinstvom. J\u00e1n Ivanisko m\u00e1 obchod s potravinami vo vlastnom dome. Peter Vasi\u010dko je s\u00fakrmno hospod\u00e1riaci ro\u013en\u00edk a zaober\u00e1 sa chovom o\u0161\u00edpan\u00fdch a hov\u00e4dzieho dobytka.\u00a0<\/span><\/p>\n<p><span style=\"color: #000000;\"><strong>Od roku 1995<\/strong>\u00a0pracuje Nezan, s.r.o., ktorej majite\u013emi s\u00fa J\u00e1n Chrzan z obce a Slavom\u00edr Nemec z Matoviec. Zaoberaj\u00fa sa zv\u00e1ra\u010dskou v\u00fdrobou a sprostredkovan\u00edm obchodu s SR a \u010cR. Jaroslav Vasi\u010dko sa zaober\u00e1 tla\u010diarenskou \u010dinnos\u0165ou.\u00a0<\/span><\/p>\n<p><span style=\"color: #000000;\"><strong>Dom\u00e1ce obyvate\u013estvo<\/strong>\u00a0chov\u00e1 nieko\u013eko kr\u00e1v, o\u0161\u00edpan\u00e9 a hydinu.\u00a0Pestuj\u00fa zemiaky, repu, zeleninu a in\u00e9 po\u013enohospod\u00e1rske plodiny.\u00a0<\/span><\/p>\n<\/div>\n<\/div><\/div><\/div><\/div><\/div>","protected":false},"excerpt":{"rendered":"<p>Valkovce le\u017eia v\u00a0ju\u017enej \u010dasti\u00a0N\u00edzkych\u00a0Besk\u00fdd v doline Valkovsk\u00e9ho potoka, v nadmorskej v\u00fd\u0161ke okolo 220 m.\u00a0Pod\u013ea v\u00fdsledkov posledn\u00e9ho s\u010d\u00edtania\u00a0obyvate\u013estva v roku 2001 v obci \u017eilo 238 obyvate\u013eov. Z toho po\u010dtu bolo 120 mu\u017eov a 118 \u017eien. Ekonomicky akt\u00edvnych bolo 121 ob\u010danov a 23 obyvate\u013eov bolo nezamestnan\u00fdch. Valkovce mali 62 ob\u00fdvan\u00fdch domov. Pod\u013ea n\u00e1bo\u017eensk\u00e9ho vierovyznania bolo 193 gr\u00e9ckokatol\u00edkov,<\/p>\n<p><a href=\"https:\/\/valkovce.sk\/?page_id=34\" class=\"more-link themebutton\">Read More<\/a><\/p>\n","protected":false},"author":1,"featured_media":0,"parent":0,"menu_order":0,"comment_status":"closed","ping_status":"closed","template":"","meta":{"ngg_post_thumbnail":0,"footnotes":""},"class_list":["post-34","page","type-page","status-publish","hentry"],"_links":{"self":[{"href":"https:\/\/valkovce.sk\/index.php?rest_route=\/wp\/v2\/pages\/34","targetHints":{"allow":["GET"]}}],"collection":[{"href":"https:\/\/valkovce.sk\/index.php?rest_route=\/wp\/v2\/pages"}],"about":[{"href":"https:\/\/valkovce.sk\/index.php?rest_route=\/wp\/v2\/types\/page"}],"author":[{"embeddable":true,"href":"https:\/\/valkovce.sk\/index.php?rest_route=\/wp\/v2\/users\/1"}],"replies":[{"embeddable":true,"href":"https:\/\/valkovce.sk\/index.php?rest_route=%2Fwp%2Fv2%2Fcomments&post=34"}],"version-history":[{"count":4,"href":"https:\/\/valkovce.sk\/index.php?rest_route=\/wp\/v2\/pages\/34\/revisions"}],"predecessor-version":[{"id":90,"href":"https:\/\/valkovce.sk\/index.php?rest_route=\/wp\/v2\/pages\/34\/revisions\/90"}],"wp:attachment":[{"href":"https:\/\/valkovce.sk\/index.php?rest_route=%2Fwp%2Fv2%2Fmedia&parent=34"}],"curies":[{"name":"wp","href":"https:\/\/api.w.org\/{rel}","templated":true}]}}