{"id":150,"date":"2016-06-05T14:08:15","date_gmt":"2016-06-05T12:08:15","guid":{"rendered":"http:\/\/valkovce.sk\/?page_id=150"},"modified":"2021-11-23T18:24:26","modified_gmt":"2021-11-23T16:24:26","slug":"povinne-zverejnovanie","status":"publish","type":"page","link":"https:\/\/valkovce.sk\/?page_id=150","title":{"rendered":"Povinn\u00e9 zverej\u0148ovanie"},"content":{"rendered":"<div id=\"pl-150\"  class=\"panel-layout\" ><div id=\"pg-150-0\"  class=\"panel-grid panel-no-style\" ><div id=\"pgc-150-0-0\"  class=\"panel-grid-cell\" ><div id=\"panel-150-0-0-0\" class=\"so-panel widget widget_sow-editor panel-first-child panel-last-child\" data-index=\"0\" ><div class=\"panel-widget-style panel-widget-style-for-150-0-0-0\" ><div\n\t\t\t\n\t\t\tclass=\"so-widget-sow-editor so-widget-sow-editor-base\"\n\t\t\t\n\t\t><h3 class=\"widget-title\">Zverej\u0148ovanie zml\u00fav pod\u013ea z\u00e1kona \u010d. 546\/2010 Z.z<\/h3>\n<div class=\"siteorigin-widget-tinymce textwidget\">\n\t<ul>\n<li><a href=\"https:\/\/valkovce.sk\/zmluvy\/2021\/Geoton%20-%20zmluva.pdf?_t=1637684492\" target=\"_blank\" rel=\"noopener\">GEOTON s.r.o. - zmluva<\/a><\/li>\n<li><a href=\"https:\/\/valkovce.sk\/zmluvy\/2021\/Michl%C3%ADk-Zmluva.pdf?_t=1637684492\" target=\"_blank\" rel=\"noopener\">Po\u017eiarna ochrana-zmluva<\/a><\/li>\n<li><a href=\"https:\/\/valkovce.sk\/wp-content\/uploads\/2021\/05\/Prima-banka-zmluva.pdf\">Prima banka-zmluva<\/a><\/li>\n<li><a href=\"https:\/\/valkovce.sk\/wp-content\/uploads\/2021\/04\/Eurofins.pdf\">Eurofins<\/a><\/li>\n<li><a href=\"https:\/\/valkovce.sk\/wp-content\/uploads\/2021\/02\/Prima-Banka-ucez.pdf\">Prima Banka - \u00fa\u010det<\/a><\/li>\n<li><a href=\"\/zmluvy\/2021\/SODB 2021.pdf\" target=\"_blank\" rel=\"noopener noreferrer\">SODB 2021<\/a><\/li>\n<li><a href=\"https:\/\/valkovce.sk\/wp-content\/uploads\/2020\/11\/Dohoda-T-COM.pdf\" target=\"_blank\" rel=\"noopener noreferrer\">Dohoda-T-COM<\/a><\/li>\n<li><a href=\"\/zmluvy\/2020\/V\u00fdzva na predkladanie pon\u00fak.pdf\" target=\"_blank\" rel=\"noopener noreferrer\">V\u00fdzva na predkladanie pon\u00fak - Rekon\u0161trukcia kult\u00farn\u00e9ho domu<\/a>\n<ul>\n<li><a href=\"\/zmluvy\/2020\/Priloha c. 1_Vykr. \u010das\u0165_Situ\u00e1cia.pdf\" target=\"_blank\" rel=\"noopener noreferrer\">Priloha \u010d. 1 - Vykr. \u010das\u0165 - Situ\u00e1cia<\/a><\/li>\n<li><a href=\"\/zmluvy\/2020\/Priloha c. 1_Vykr. cas \u0165_P\u00f4dorys pr\u00edzemia.pdf\" target=\"_blank\" rel=\"noopener noreferrer\">Priloha \u010d. 1 - Vykr. \u010das\u0165 - P\u00f4dorys pr\u00edzemia<\/a><\/li>\n<li><a href=\"\/zmluvy\/2020\/Pr\u00edloha \u010d. 2 - Nenacenen\u00e9 zadanie.xlsx\" target=\"_blank\" rel=\"noopener noreferrer\">Pr\u00edloha \u010d. 2 - Nenacenen\u00e9 zadanie<\/a><\/li>\n<li><a href=\"\/zmluvy\/2020\/Priloha c. 3_Identifika \u010dn\u00e9 \u00fadaje uch\u00e1dza\u010da.pdf\" target=\"_blank\" rel=\"noopener noreferrer\">Priloha \u010d. 3 - Identifika\u010dn\u00e9 \u00fadaje uch\u00e1dza\u010da<\/a><\/li>\n<li><a href=\"\/zmluvy\/2020\/Priloha c. 4_Navrh na plnenie krit\u00e9ri\u00ed.pdf\" target=\"_blank\" rel=\"noopener noreferrer\">Priloha \u010d. 4 - N\u00e1vrh na plnenie krit\u00e9ri\u00ed<\/a><\/li>\n<li><a href=\"\/zmluvy\/2020\/Pr\u00edloha \u010d. 5_N\u00e1vrh Zmluvy o dielo.pdf\" target=\"_blank\" rel=\"noopener noreferrer\">Pr\u00edloha \u010d. 5 - N\u00e1vrh Zmluvy o dielo<\/a><\/li>\n<\/ul>\n<\/li>\n<li><a href=\"\/zmluvy\/2020\/Zmluva-elektroodpad.pdf\" target=\"_blank\" rel=\"noopener noreferrer\">Zmluva elektroodpad<\/a><\/li>\n<li><a href=\"\/zmluvy\/2020\/Zmluva o dielo.pdf\" target=\"_blank\" rel=\"noopener noreferrer\">Zmluvu o dielo - Rekon\u0161trukcia kult\u00farneho domu<\/a><\/li>\n<li><a href=\"\/zmluvy\/2020\/Pr\u00edloha \u010d. 1 ZoD_Rozpo\u010det.pdf\" target=\"_blank\" rel=\"noopener noreferrer\">Pr\u00edloha \u010d.1 - Rekon\u0161trukcia kult\u00farneho domu<\/a><\/li>\n<li><a href=\"\/zmluvy\/Natur-Pack.pdf\" target=\"_blank\" rel=\"noopener noreferrer\">Zmluva Natur-pack<\/a><\/li>\n<li><a href=\"\/zmluvy\/V\u00fdzva -DI.pdf\" target=\"_blank\" rel=\"noopener noreferrer\">V\u00fdzva DI<\/a><\/li>\n<li><a href=\"\/zmluvy\/Registrat\u00farny poriadok.pdf\" target=\"_blank\" rel=\"noopener noreferrer\">Registrat\u00farny poriadok<\/a><\/li>\n<li><a href=\"\/zmluvy\/Dod\u00e1vka tovaru-M\u0160.pdf\" target=\"_blank\" rel=\"noopener noreferrer\">Dod\u00e1vka tovaru - M\u0160<\/a><\/li>\n<li><a href=\"\/zmluvy\/EUROFINS-rozbory vody.pdf\" target=\"_blank\" rel=\"noopener noreferrer\">EUROFINS - rozbory vody<\/a><\/li>\n<li><a href=\"\/zmluvy\/EUROFINS-rozbory vody.pdf\" target=\"_blank\" rel=\"noopener noreferrer\">KOSIT - TZ<\/a><\/li>\n<li><a href=\"\/zmluvy\/EUROFINS-rozbory vody.pdf\" target=\"_blank\" rel=\"noopener noreferrer\">KOSIT - KO<\/a><\/li>\n<li><a href=\"\/zmluvy\/EUROFINS-rozbory vody.pdf\" target=\"_blank\" rel=\"noopener noreferrer\">OZON - Dodatok \u010d.2<\/a><\/li>\n<li><a href=\"\/zmluvy\/Valkovce.docx\" target=\"_blank\" rel=\"noopener noreferrer\">\u00darad pre regul\u00e1ciu sie\u0165ov\u00fdch odvetv\u00ed<\/a><\/li>\n<li><a href=\"\/zmluvy\/PP-Protect.pdf\" target=\"_blank\" rel=\"noopener noreferrer\">PP- projekt<\/a><\/li>\n<li><a href=\"\/zmluvy\/K\u00fapna zmluva.pdf\" target=\"_blank\" rel=\"noopener noreferrer\">K\u00fapna zmluva 25.10.2018<\/a><\/li>\n<li><a href=\"\/zmluvy\/VOS-pozemok.pdf\" target=\"_blank\" rel=\"noopener noreferrer\">VOS-pozemok<\/a><\/li>\n<li><a href=\"\/zmluvy\/GDPR-PP Protect.pdf\" target=\"_blank\" rel=\"noopener noreferrer\">GDPR-PP Protect<\/a><\/li>\n<li><a href=\"\/zmluvy\/OTP.pdf\" target=\"_blank\" rel=\"noopener noreferrer\">OTP Banka&nbsp;<\/a>\n<ul>\n<li><a href=\"\/zmluvy\/OTP Banka.pdf\" target=\"_blank\" rel=\"noopener noreferrer\">dodatok \u010d.1<\/a><\/li>\n<\/ul>\n<\/li>\n<li><a href=\"\/zmluvy\/Zmluva TKO.pdf\" target=\"_blank\" rel=\"noopener noreferrer\">Zmluva TKO<\/a><\/li>\n<li><a href=\"\/zmluvy\/Zmluva -Verejne svetla.pdf\" target=\"_blank\" rel=\"noopener noreferrer\">Zmluva - verejne osvetlenie<\/a><\/li>\n<li><a href=\"\/zmluvy\/Audit2016.PDF\" target=\"_blank\" rel=\"noopener noreferrer\">Audit<\/a><\/li>\n<li><a href=\"\/zmluvy\/Pehaes.pdf\" target=\"_blank\" rel=\"noopener noreferrer\">Zmluvy o dielo - Pehaes<\/a><\/li>\n<li><a href=\"\/zmluvy\/Audit 2016-2017.pdf\" target=\"_blank\" rel=\"noopener noreferrer\">Zmluva o audit<\/a><\/li>\n<\/ul>\n<ul>\n<li><a href=\"\/zmluvy\/Zmluva -Ozon.pdf\" target=\"_blank\" rel=\"noopener noreferrer\">Zmluva - Ozon<\/a><\/li>\n<li><a href=\"\/zmluvy\/VSD-K\u00fapna zmluva 1.pdf\" target=\"_blank\" rel=\"noopener noreferrer\">VSD k\u00fapna zmluva<\/a><\/li>\n<li><a href=\"\/zmluvy\/VSD-Vecn\u00e9 bremeno 1.pdf\" target=\"_blank\" rel=\"noopener noreferrer\">VSD vecn\u00e9 bremeno<\/a><\/li>\n<li><a href=\"\/zmluvy\/OTP-Banka.pdf\" target=\"_blank\" rel=\"noopener noreferrer\">OTP Banka<\/a><\/li>\n<li><a href=\"http:\/\/valkovce.sk\/wp-content\/uploads\/2016\/06\/Vl%C3%A1da-SR.pdf\" target=\"_blank\" rel=\"noopener noreferrer\">Vl\u00e1da SR<\/a><\/li>\n<li><a href=\"\/wp-content\/uploads\/2016\/06\/SVP.jpg\">N\u00e1jomn\u00e1 zmluva dodatok \u010d.2<\/a><\/li>\n<li><a href=\"\/wp-content\/uploads\/2016\/06\/SVP-2.jpg\">N\u00e1jomn\u00e1 zmluva dodatok \u010d.2<\/a><\/li>\n<li><a href=\"\/wp-content\/uploads\/2016\/06\/Zml\u00fava-o-kontrolnej-\u010dinnosti.pdf\">Zmluva o kontrolnej \u010dinnosti \u010d.19\/2014<\/a><\/li>\n<li><a href=\"\/wp-content\/uploads\/2016\/06\/Dohoda-o-vypl\u0148ovacom-pr\u00e1ve-k-bianko-zmenke.pdf\">Dohoda o vypl\u0148ovacom pr\u00e1ve k bianko zmenke \u010d. 5006\/14\/06BZ<\/a><\/li>\n<li><a href=\"\/wp-content\/uploads\/2016\/06\/Tatry.pdf\">Tatry 1<\/a><\/li>\n<li><a href=\"\/wp-content\/uploads\/2016\/06\/Tatry11.pdf\">Tatry 2<\/a><\/li>\n<li><a href=\"\/wp-content\/uploads\/2016\/06\/Tatry2.pdf\">Tatry&nbsp;3<\/a><\/li>\n<li><a href=\"\/wp-content\/uploads\/2016\/06\/Tatry3.pdf\">Tatry&nbsp;4<\/a><\/li>\n<li><a href=\"\/wp-content\/uploads\/2016\/06\/Dodatok-\u010d.3-k-zml\u00fave-na-uskuto\u010dnenie-stavebn\u00fdch-pr\u00e1c-a-s\u00favisia.pdf\">Dodatok \u010d.3 k zmluve \u010d.5\/2010, zo d\u0148a 18.10.2010 na uskuto\u010dnenie stavebn\u00fdch pr\u00e1c a s\u00favisiacich dod\u00e1vok ,,Protipovod\u0148ov\u00e1 ochrana na potoku Lipiny Valkovce\"<\/a><\/li>\n<li><a href=\"\/wp-content\/uploads\/2016\/06\/Dodatok-\u010d.1-k-licen\u010dnej-zml\u00fave-MADE-spol.s-r.o..pdf\">Licen\u010dn\u00e1 zmluva MADE spol.s.r.o<\/a><\/li>\n<li><a href=\"\/wp-content\/uploads\/2016\/06\/Zmluva-o-zdru\u017een\u00ed-finan\u010dn\u00fdch-prostriedkov-a-spolupr\u00e1ci-a-zml\u00fava.pdf\">Zmluva o zdru\u017een\u00ed finan\u010dn\u00fdch prostriedkov a spolupr\u00e1ci a zmluva o bud\u00facej k\u00fapnej zmluve<\/a><\/li>\n<li><a href=\"\/wp-content\/uploads\/2016\/06\/N\u00e1jomn\u00e1-zml\u00fava-SPF.pdf\">N\u00e1jomn\u00e1 zmluva SPF<\/a><\/li>\n<li><a href=\"\/wp-content\/uploads\/2016\/06\/Dodatok-\u010d.1-k-Zmluve-o-uvere.pdf\">Dodatok \u010d.1 k Zmluve o uvere<\/a><\/li>\n<li><a href=\"\/wp-content\/uploads\/2016\/06\/Zmluva-\u010d.19-o-kontrolnej-\u010dinnosti.pdf\">Zmluva \u010d.19 o kontrolnej \u010dinnosti<\/a><\/li>\n<li><a href=\"\/wp-content\/uploads\/2016\/06\/Dodatok-\u010d.2-OTP.pdf\">Dodatok \u010d.2 - OTP<\/a><\/li>\n<li><a href=\"\/wp-content\/uploads\/2016\/06\/Audit-2013.pdf\">Zmluva -Audit-rok 2013<\/a><\/li>\n<li><a href=\"\/wp-content\/uploads\/2016\/06\/Audit-2014.pdf\">Zmluva -Audit-rok 2014<\/a><\/li>\n<li><a href=\"\/wp-content\/uploads\/2016\/06\/Trafostanica.pdf\">Trafostanica<\/a><\/li>\n<li><a href=\"\/wp-content\/uploads\/2016\/06\/PARK.pdf\">Park<\/a><\/li>\n<li><a href=\"\/wp-content\/uploads\/2016\/06\/rad-vl\u00e1dy.pdf\">\u00darad vl\u00e1dy<\/a><\/li>\n<li><a href=\"\/wp-content\/uploads\/2016\/06\/KSB.pdf\">KSB<\/a><\/li>\n<li><a href=\"http:\/\/wp-content\/uploads\/2016\/06\/Dodatok-k-Zmluve-o-kotokorentnom-\u00favere.pdf\">Dodatok k Zmluve o kontokorentnom \u00favere<\/a><\/li>\n<li><a href=\"\/wp-content\/uploads\/2016\/06\/Zmluva-o-v\u00fdkone-HK.pdf\">Zml\u00fava o v\u00fdkone HK<\/a><\/li>\n<li><a href=\"\/wp-content\/uploads\/2016\/06\/Zml\u00fava-o-rozbore-vody.pdf\">Zml\u00fava o rozbore vody<\/a><\/li>\n<\/ul>\n<\/div>\n<\/div><\/div><\/div><\/div><\/div><\/div>","protected":false},"excerpt":{"rendered":"<p>GEOTON s.r.o. &#8211; zmluva Po\u017eiarna ochrana-zmluva Prima banka-zmluva Eurofins Prima Banka &#8211; \u00fa\u010det SODB 2021 Dohoda-T-COM V\u00fdzva na predkladanie pon\u00fak &#8211; Rekon\u0161trukcia kult\u00farn\u00e9ho domu Priloha \u010d. 1 &#8211; Vykr. \u010das\u0165 &#8211; Situ\u00e1cia Priloha \u010d. 1 &#8211; Vykr. \u010das\u0165 &#8211; P\u00f4dorys pr\u00edzemia Pr\u00edloha \u010d. 2 &#8211; Nenacenen\u00e9 zadanie Priloha \u010d. 3 &#8211; Identifika\u010dn\u00e9 \u00fadaje uch\u00e1dza\u010da Priloha<\/p>\n<p><a href=\"https:\/\/valkovce.sk\/?page_id=150\" class=\"more-link themebutton\">Read More<\/a><\/p>\n","protected":false},"author":1,"featured_media":0,"parent":0,"menu_order":0,"comment_status":"closed","ping_status":"closed","template":"","meta":{"ngg_post_thumbnail":0,"footnotes":""},"class_list":["post-150","page","type-page","status-publish","hentry"],"_links":{"self":[{"href":"https:\/\/valkovce.sk\/index.php?rest_route=\/wp\/v2\/pages\/150","targetHints":{"allow":["GET"]}}],"collection":[{"href":"https:\/\/valkovce.sk\/index.php?rest_route=\/wp\/v2\/pages"}],"about":[{"href":"https:\/\/valkovce.sk\/index.php?rest_route=\/wp\/v2\/types\/page"}],"author":[{"embeddable":true,"href":"https:\/\/valkovce.sk\/index.php?rest_route=\/wp\/v2\/users\/1"}],"replies":[{"embeddable":true,"href":"https:\/\/valkovce.sk\/index.php?rest_route=%2Fwp%2Fv2%2Fcomments&post=150"}],"version-history":[{"count":6,"href":"https:\/\/valkovce.sk\/index.php?rest_route=\/wp\/v2\/pages\/150\/revisions"}],"predecessor-version":[{"id":560,"href":"https:\/\/valkovce.sk\/index.php?rest_route=\/wp\/v2\/pages\/150\/revisions\/560"}],"wp:attachment":[{"href":"https:\/\/valkovce.sk\/index.php?rest_route=%2Fwp%2Fv2%2Fmedia&parent=150"}],"curies":[{"name":"wp","href":"https:\/\/api.w.org\/{rel}","templated":true}]}}